{"id":126,"date":"2021-05-15T12:16:16","date_gmt":"2021-05-15T12:16:16","guid":{"rendered":"https:\/\/www.laatuis.fi\/?page_id=126"},"modified":"2025-09-25T20:48:45","modified_gmt":"2025-09-25T20:48:45","slug":"lakisaateiset-palvelumme","status":"publish","type":"page","link":"https:\/\/www.laatuis.fi\/index.php\/lakisaateiset-palvelumme\/","title":{"rendered":"HINNASTO"},"content":{"rendered":"\t\t<div data-elementor-type=\"wp-page\" data-elementor-id=\"126\" class=\"elementor elementor-126\">\n\t\t\t\t\t\t<section class=\"elementor-section elementor-top-section elementor-element elementor-element-c24f1c0 elementor-section-boxed elementor-section-height-default elementor-section-height-default\" data-id=\"c24f1c0\" data-element_type=\"section\">\n\t\t\t\t\t\t<div class=\"elementor-container elementor-column-gap-default\">\n\t\t\t\t\t<div class=\"elementor-column elementor-col-100 elementor-top-column elementor-element elementor-element-fae8c5a\" data-id=\"fae8c5a\" data-element_type=\"column\">\n\t\t\t<div class=\"elementor-widget-wrap elementor-element-populated\">\n\t\t\t\t\t\t<div class=\"elementor-element elementor-element-a32a923 elementor-widget elementor-widget-heading\" data-id=\"a32a923\" data-element_type=\"widget\" data-widget_type=\"heading.default\">\n\t\t\t\t<div class=\"elementor-widget-container\">\n\t\t\t\t\t<h2 class=\"elementor-heading-title elementor-size-xl\"><h2>Hinnasto<\/h2><\/h2>\t\t\t\t<\/div>\n\t\t\t\t<\/div>\n\t\t\t\t\t<\/div>\n\t\t<\/div>\n\t\t\t\t\t<\/div>\n\t\t<\/section>\n\t\t\t\t<section class=\"elementor-section elementor-top-section elementor-element elementor-element-c8939f elementor-section-boxed elementor-section-height-default elementor-section-height-default\" data-id=\"c8939f\" data-element_type=\"section\">\n\t\t\t\t\t\t<div class=\"elementor-container elementor-column-gap-default\">\n\t\t\t\t\t<div class=\"elementor-column elementor-col-100 elementor-top-column elementor-element elementor-element-7bb19062\" data-id=\"7bb19062\" data-element_type=\"column\">\n\t\t\t<div class=\"elementor-widget-wrap elementor-element-populated\">\n\t\t\t\t\t\t<div class=\"elementor-element elementor-element-2eac416a elementor-widget elementor-widget-text-editor\" data-id=\"2eac416a\" data-element_type=\"widget\" data-widget_type=\"text-editor.default\">\n\t\t\t\t<div class=\"elementor-widget-container\">\n\t\t\t\t\t\t\t\t\t<div><b>Kiinteist\u00f6\u00f6n liittyv\u00e4t toimeksiannot<\/b><br><\/div>\n<ul>\n<li>Energiatodistukset alk.150\u20ac<\/li>\n<li>Pelastussuunnitelmat alk. 300\u20ac<\/li>\n<li>Kunnossapitotarveselvitykset alk. 300\u20ac<\/li>\n<li>Leikkipaikkojen turvallisuustarkastukset alk. 150\u20ac<\/li>\n<li>M\u00e4rk\u00e4tilakatselmukset alk. 200\u20ac<\/li>\n<li>Vedeneristyst\u00f6iden valvonta alk. 300\u20ac<\/li>\n<li>Is\u00e4nn\u00f6itsij\u00e4todistus ilman liitteit\u00e4 125.50\u20ac<\/li>\n<li>Is\u00e4nn\u00f6itsij\u00e4todistus liitteineen 163.15\u20ac<\/li>\n<\/ul>\n<div><br><b>Ark-suunnittelu<\/b><\/div>\n<ul>\n<li>Uuden omakotitalon ark-suunnittelu alk.4000\u20ac<\/li>\n<li>Omakotitalon ark-korjaussuunnittelu. Kysy tarjous!<\/li>\n<li>Autotallin ark-suunnittelu alk.1500\u20ac<\/li>\n<li>Teollisuushallin ark-suunnittelu alk. 12000\u20ac<\/li>\n<li>Rakennusty\u00f6maan vastaavan ty\u00f6njohtajan teht\u00e4v\u00e4t alk. 2000\u20ac<\/li>\n<\/ul>\n<div><br><b>Kirjanpito<\/b><\/div>\n<ul>\n<li>Toiminimi alk. 60\u20ac<\/li>\n<li>Osakeyhti\u00f6t alk. 100\u20ac<\/li>\n<li>Yrityksen perustaminen alk. 300\u20ac + viranomaiskulut<\/li>\n<\/ul>\t\t\t\t\t\t\t\t<\/div>\n\t\t\t\t<\/div>\n\t\t\t\t\t<\/div>\n\t\t<\/div>\n\t\t\t\t\t<\/div>\n\t\t<\/section>\n\t\t\t\t<\/div>\n\t\t","protected":false},"excerpt":{"rendered":"<p>Hinnasto Kiinteist\u00f6\u00f6n liittyv\u00e4t toimeksiannot Energiatodistukset alk.150\u20ac Pelastussuunnitelmat alk. 300\u20ac Kunnossapitotarveselvitykset alk. 300\u20ac Leikkipaikkojen turvallisuustarkastukset alk. 150\u20ac M\u00e4rk\u00e4tilakatselmukset alk. 200\u20ac Vedeneristyst\u00f6iden valvonta alk. 300\u20ac Is\u00e4nn\u00f6itsij\u00e4todistus ilman liitteit\u00e4 125.50\u20ac Is\u00e4nn\u00f6itsij\u00e4todistus liitteineen 163.15\u20ac &#8230;<\/p>\n","protected":false},"author":1,"featured_media":10,"parent":0,"menu_order":0,"comment_status":"closed","ping_status":"closed","template":"elementor_header_footer","meta":{"footnotes":""},"_links":{"self":[{"href":"https:\/\/www.laatuis.fi\/index.php\/wp-json\/wp\/v2\/pages\/126"}],"collection":[{"href":"https:\/\/www.laatuis.fi\/index.php\/wp-json\/wp\/v2\/pages"}],"about":[{"href":"https:\/\/www.laatuis.fi\/index.php\/wp-json\/wp\/v2\/types\/page"}],"author":[{"embeddable":true,"href":"https:\/\/www.laatuis.fi\/index.php\/wp-json\/wp\/v2\/users\/1"}],"replies":[{"embeddable":true,"href":"https:\/\/www.laatuis.fi\/index.php\/wp-json\/wp\/v2\/comments?post=126"}],"version-history":[{"count":61,"href":"https:\/\/www.laatuis.fi\/index.php\/wp-json\/wp\/v2\/pages\/126\/revisions"}],"predecessor-version":[{"id":1449,"href":"https:\/\/www.laatuis.fi\/index.php\/wp-json\/wp\/v2\/pages\/126\/revisions\/1449"}],"wp:featuredmedia":[{"embeddable":true,"href":"https:\/\/www.laatuis.fi\/index.php\/wp-json\/wp\/v2\/media\/10"}],"wp:attachment":[{"href":"https:\/\/www.laatuis.fi\/index.php\/wp-json\/wp\/v2\/media?parent=126"}],"curies":[{"name":"wp","href":"https:\/\/api.w.org\/{rel}","templated":true}]}}